{"id":147,"date":"2017-01-09T22:33:26","date_gmt":"2017-01-09T21:33:26","guid":{"rendered":"https:\/\/pierrefradin.phpnet.org\/wordpress\/wordpress\/?page_id=147"},"modified":"2022-12-27T21:45:24","modified_gmt":"2022-12-27T20:45:24","slug":"contact","status":"publish","type":"page","link":"http:\/\/www.camillebeurrier.fr\/?page_id=147","title":{"rendered":"Contact"},"content":{"rendered":"<p style=\"text-align: center;\"><span style=\"color: #000000; font-family: georgia,palatino,serif; font-size: 28px;\">&nbsp; &nbsp; Mes tableaux sont en vente.<\/span><\/p>\n<p style=\"text-align: center;\"><span style=\"color: #000000; font-family: georgia,palatino,serif; font-size: 28px;\">N&rsquo;h\u00e9sitez pas \u00e0 m&rsquo;envoyer un message (<a href=\"https:\/\/www.facebook.com\/www.camillebeurrier.fr\">Facebook<\/a>).<\/span><\/p>\n<p style=\"text-align: center;\"><span style=\"color: #000000; font-family: georgia,palatino,serif; font-size: 28px;\">Vous pouvez \u00e9galement venir voir mes toiles uniquement sur rendez vous. <\/span><!--more--><\/p>\n<p>&nbsp;<\/p>\n\n","protected":false},"excerpt":{"rendered":"<p>&nbsp; &nbsp; Mes tableaux sont en vente. N&rsquo;h\u00e9sitez pas \u00e0 m&rsquo;envoyer un message (Facebook). Vous pouvez \u00e9galement venir voir mes toiles uniquement sur rendez vous.<\/p>\n","protected":false},"author":2,"featured_media":0,"parent":0,"menu_order":0,"comment_status":"closed","ping_status":"closed","template":"","meta":{"ngg_post_thumbnail":0,"footnotes":""},"class_list":["post-147","page","type-page","status-publish","hentry"],"_links":{"self":[{"href":"http:\/\/www.camillebeurrier.fr\/index.php?rest_route=\/wp\/v2\/pages\/147","targetHints":{"allow":["GET"]}}],"collection":[{"href":"http:\/\/www.camillebeurrier.fr\/index.php?rest_route=\/wp\/v2\/pages"}],"about":[{"href":"http:\/\/www.camillebeurrier.fr\/index.php?rest_route=\/wp\/v2\/types\/page"}],"author":[{"embeddable":true,"href":"http:\/\/www.camillebeurrier.fr\/index.php?rest_route=\/wp\/v2\/users\/2"}],"replies":[{"embeddable":true,"href":"http:\/\/www.camillebeurrier.fr\/index.php?rest_route=%2Fwp%2Fv2%2Fcomments&post=147"}],"version-history":[{"count":13,"href":"http:\/\/www.camillebeurrier.fr\/index.php?rest_route=\/wp\/v2\/pages\/147\/revisions"}],"predecessor-version":[{"id":704,"href":"http:\/\/www.camillebeurrier.fr\/index.php?rest_route=\/wp\/v2\/pages\/147\/revisions\/704"}],"wp:attachment":[{"href":"http:\/\/www.camillebeurrier.fr\/index.php?rest_route=%2Fwp%2Fv2%2Fmedia&parent=147"}],"curies":[{"name":"wp","href":"https:\/\/api.w.org\/{rel}","templated":true}]}}